{"id":909,"date":"2022-09-26T23:00:07","date_gmt":"2022-09-26T23:00:07","guid":{"rendered":"http:\/\/etyc.pol.una.py\/?page_id=909"},"modified":"2022-09-26T23:06:06","modified_gmt":"2022-09-26T23:06:06","slug":"xxiv-festival-universitario-aranduka","status":"publish","type":"page","link":"https:\/\/etyc.pol.una.py\/?page_id=909","title":{"rendered":"XXIV Festival Universitario Aranduka"},"content":{"rendered":"\t\t<div data-elementor-type=\"wp-page\" data-elementor-id=\"909\" class=\"elementor elementor-909\">\n\t\t\t\t\t\t<section class=\"elementor-section elementor-top-section elementor-element elementor-element-6b42ae4 elementor-section-boxed elementor-section-height-default elementor-section-height-default\" data-id=\"6b42ae4\" data-element_type=\"section\">\n\t\t\t\t\t\t<div class=\"elementor-container elementor-column-gap-default\">\n\t\t\t\t\t<div class=\"elementor-column elementor-col-100 elementor-top-column elementor-element elementor-element-604d80e\" data-id=\"604d80e\" data-element_type=\"column\">\n\t\t\t<div class=\"elementor-widget-wrap elementor-element-populated\">\n\t\t\t\t\t\t<div class=\"elementor-element elementor-element-681b755 elementor-widget elementor-widget-text-editor\" data-id=\"681b755\" data-element_type=\"widget\" data-widget_type=\"text-editor.default\">\n\t\t\t\t<div class=\"elementor-widget-container\">\n\t\t\t<style>\/*! elementor - v3.21.0 - 26-05-2024 *\/\n.elementor-widget-text-editor.elementor-drop-cap-view-stacked .elementor-drop-cap{background-color:#69727d;color:#fff}.elementor-widget-text-editor.elementor-drop-cap-view-framed .elementor-drop-cap{color:#69727d;border:3px solid;background-color:transparent}.elementor-widget-text-editor:not(.elementor-drop-cap-view-default) .elementor-drop-cap{margin-top:8px}.elementor-widget-text-editor:not(.elementor-drop-cap-view-default) .elementor-drop-cap-letter{width:1em;height:1em}.elementor-widget-text-editor .elementor-drop-cap{float:left;text-align:center;line-height:1;font-size:50px}.elementor-widget-text-editor .elementor-drop-cap-letter{display:inline-block}<\/style>\t\t\t\t<p style=\"text-align: justify;\">El XXIV Festival Folkl\u00f3rico Universitario Aranduka se desarroll\u00f3 el viernes 23 de setiembre a partir de las 18:00 h en el Sal\u00f3n Auditorio Luis Berganza de la Direcci\u00f3n General de Extensi\u00f3n Universitaria de la UNA, en el marco de la XX Exposici\u00f3n Tecnol\u00f3gica y Cient\u00edfica, ETYC 2022.<\/p><p><img fetchpriority=\"high\" decoding=\"async\" class=\"alignleft wp-image-912\" src=\"http:\/\/etyc.pol.una.py\/wp-content\/uploads\/2022\/09\/f0231040-300x200.jpg\" alt=\"\" width=\"400\" height=\"267\" srcset=\"https:\/\/etyc.pol.una.py\/wp-content\/uploads\/2022\/09\/f0231040-300x200.jpg 300w, https:\/\/etyc.pol.una.py\/wp-content\/uploads\/2022\/09\/f0231040-1024x683.jpg 1024w, https:\/\/etyc.pol.una.py\/wp-content\/uploads\/2022\/09\/f0231040-768x512.jpg 768w, https:\/\/etyc.pol.una.py\/wp-content\/uploads\/2022\/09\/f0231040-1536x1024.jpg 1536w, https:\/\/etyc.pol.una.py\/wp-content\/uploads\/2022\/09\/f0231040-2048x1365.jpg 2048w, https:\/\/etyc.pol.una.py\/wp-content\/uploads\/2022\/09\/f0231040-600x400.jpg 600w\" sizes=\"(max-width: 400px) 100vw, 400px\" \/> <img decoding=\"async\" class=\"alignnone wp-image-914\" src=\"http:\/\/etyc.pol.una.py\/wp-content\/uploads\/2022\/09\/DSC_0005-min-300x200.jpg\" alt=\"\" width=\"400\" height=\"267\" srcset=\"https:\/\/etyc.pol.una.py\/wp-content\/uploads\/2022\/09\/DSC_0005-min-300x200.jpg 300w, https:\/\/etyc.pol.una.py\/wp-content\/uploads\/2022\/09\/DSC_0005-min-1024x683.jpg 1024w, https:\/\/etyc.pol.una.py\/wp-content\/uploads\/2022\/09\/DSC_0005-min-768x512.jpg 768w, https:\/\/etyc.pol.una.py\/wp-content\/uploads\/2022\/09\/DSC_0005-min-1536x1024.jpg 1536w, https:\/\/etyc.pol.una.py\/wp-content\/uploads\/2022\/09\/DSC_0005-min-2048x1365.jpg 2048w, https:\/\/etyc.pol.una.py\/wp-content\/uploads\/2022\/09\/DSC_0005-min-600x400.jpg 600w\" sizes=\"(max-width: 400px) 100vw, 400px\" \/><\/p><p style=\"text-align: justify;\">Aranduka es un festival clasificatorio para el Festival Anual del Takuare&#8217;\u00ea, y este a\u00f1o los clasificados fueron: Daniel Andr\u00e9s Vel\u00e1zquez Rojas, Solista de Arpa; Fiorella Mar\u00eda G\u00f3mez, Guillermo Ru\u00edz D\u00edaz, M\u00f3nica Goiriz, Teatro breve; Marcelo Aguayo, Guitarra cl\u00e1sica; Sof\u00eda L\u00f3pez y Daniela Salinas, cada una como Solista Canto Femenino Mayor; Laura Bogado, Margarita Ram\u00edrez y Blas Ram\u00edrez, Conjunto Instrumental; Coro Polit\u00e9cnica, Coro; Orlando Chaparro y Alex Cardozo, D\u00fao de Canto masculino; Orlando Chaparro, Solista de Canto masculino, Facultad de Ciencias Econ\u00f3micas y Ciencias Veterinarias, Conjunto de Voces.<\/p><p style=\"text-align: justify;\">Los clasificados en danza fueron: Facultad de Odontolog\u00eda, Conjunto de Danzas; Facultad de Ciencias Exactas y Naturales, Facultad de Ciencias Veterinarias y Facultad Polit\u00e9cnica, Grupo de Danza; Florencia In\u00e9s Benegas, Solista de Danza; Jessica Alcaraz y Aram\u00ed Olmedo, D\u00fao de Danza y Juan Jos\u00e9 N\u00fa\u00f1ez Cabrera, Solista de Danza masculino.<\/p><p><img decoding=\"async\" class=\"alignleft wp-image-915\" src=\"http:\/\/etyc.pol.una.py\/wp-content\/uploads\/2022\/09\/DSC_0076-min-300x200.jpg\" alt=\"\" width=\"400\" height=\"267\" srcset=\"https:\/\/etyc.pol.una.py\/wp-content\/uploads\/2022\/09\/DSC_0076-min-300x200.jpg 300w, https:\/\/etyc.pol.una.py\/wp-content\/uploads\/2022\/09\/DSC_0076-min-1024x683.jpg 1024w, https:\/\/etyc.pol.una.py\/wp-content\/uploads\/2022\/09\/DSC_0076-min-768x512.jpg 768w, https:\/\/etyc.pol.una.py\/wp-content\/uploads\/2022\/09\/DSC_0076-min-1536x1024.jpg 1536w, https:\/\/etyc.pol.una.py\/wp-content\/uploads\/2022\/09\/DSC_0076-min-2048x1365.jpg 2048w, https:\/\/etyc.pol.una.py\/wp-content\/uploads\/2022\/09\/DSC_0076-min-600x400.jpg 600w\" sizes=\"(max-width: 400px) 100vw, 400px\" \/><img loading=\"lazy\" decoding=\"async\" class=\"alignnone wp-image-911\" src=\"http:\/\/etyc.pol.una.py\/wp-content\/uploads\/2022\/09\/f0336640-300x200.jpg\" alt=\"\" width=\"400\" height=\"267\" srcset=\"https:\/\/etyc.pol.una.py\/wp-content\/uploads\/2022\/09\/f0336640-300x200.jpg 300w, https:\/\/etyc.pol.una.py\/wp-content\/uploads\/2022\/09\/f0336640-1024x683.jpg 1024w, https:\/\/etyc.pol.una.py\/wp-content\/uploads\/2022\/09\/f0336640-768x512.jpg 768w, https:\/\/etyc.pol.una.py\/wp-content\/uploads\/2022\/09\/f0336640-1536x1024.jpg 1536w, https:\/\/etyc.pol.una.py\/wp-content\/uploads\/2022\/09\/f0336640-2048x1365.jpg 2048w, https:\/\/etyc.pol.una.py\/wp-content\/uploads\/2022\/09\/f0336640-600x400.jpg 600w\" sizes=\"(max-width: 400px) 100vw, 400px\" \/><\/p><p style=\"text-align: justify;\">Durante el festival, los integrantes y exintegrantes del Coro Polif\u00f3nico y Policamerata y el Elenco de Danzas de la FP-UNA rindieron un homenaje los docentes fundadores: Maestro Manuel Cabral y la Prof. Lic. Betsaida \u00c1valos, en honor a los logros gracias al invaluable apoyo a la formaci\u00f3n integral de estudiantes, graduados y docentes de la FP-UNA y la extensi\u00f3n de la cultura a la sociedad.<\/p><p>Nota: Ana Valiente Villalba<\/p><p>Fotograf\u00edas: Liz Britez y gentileza Luis Reyes de la Facultad de Ciencias Econ\u00f3micas<\/p><p>Lunes, 26 de setiembre de 2022<\/p>\t\t\t\t\t\t<\/div>\n\t\t\t\t<\/div>\n\t\t\t\t\t<\/div>\n\t\t<\/div>\n\t\t\t\t\t<\/div>\n\t\t<\/section>\n\t\t\t\t<\/div>\n\t\t","protected":false},"excerpt":{"rendered":"<p>El XXIV Festival Folkl\u00f3rico Universitario Aranduka se desarroll\u00f3 el viernes 23 de setiembre a partir de las 18:00 h en el Sal\u00f3n Auditorio Luis Berganza de la Direcci\u00f3n General de Extensi\u00f3n Universitaria de la UNA, en el marco de la XX Exposici\u00f3n Tecnol\u00f3gica y Cient\u00edfica, ETYC 2022. Aranduka es un festival clasificatorio para el Festival Anual del Takuare&#8217;\u00ea, y este&#8230;<\/p>\n","protected":false},"author":1,"featured_media":0,"parent":0,"menu_order":0,"comment_status":"closed","ping_status":"closed","template":"","meta":{"footnotes":""},"class_list":["post-909","page","type-page","status-publish","hentry"],"_links":{"self":[{"href":"https:\/\/etyc.pol.una.py\/index.php?rest_route=\/wp\/v2\/pages\/909","targetHints":{"allow":["GET"]}}],"collection":[{"href":"https:\/\/etyc.pol.una.py\/index.php?rest_route=\/wp\/v2\/pages"}],"about":[{"href":"https:\/\/etyc.pol.una.py\/index.php?rest_route=\/wp\/v2\/types\/page"}],"author":[{"embeddable":true,"href":"https:\/\/etyc.pol.una.py\/index.php?rest_route=\/wp\/v2\/users\/1"}],"replies":[{"embeddable":true,"href":"https:\/\/etyc.pol.una.py\/index.php?rest_route=%2Fwp%2Fv2%2Fcomments&post=909"}],"version-history":[{"count":7,"href":"https:\/\/etyc.pol.una.py\/index.php?rest_route=\/wp\/v2\/pages\/909\/revisions"}],"predecessor-version":[{"id":922,"href":"https:\/\/etyc.pol.una.py\/index.php?rest_route=\/wp\/v2\/pages\/909\/revisions\/922"}],"wp:attachment":[{"href":"https:\/\/etyc.pol.una.py\/index.php?rest_route=%2Fwp%2Fv2%2Fmedia&parent=909"}],"curies":[{"name":"wp","href":"https:\/\/api.w.org\/{rel}","templated":true}]}}

<div data-elementor-type="wp-page" data-elementor-id="909" class="elementor elementor-909">
						<section class="elementor-section elementor-top-section elementor-element elementor-element-6b42ae4 elementor-section-boxed elementor-section-height-default elementor-section-height-default" data-id="6b42ae4" data-element_type="section">
						<div class="elementor-container elementor-column-gap-default">
					<div class="elementor-column elementor-col-100 elementor-top-column elementor-element elementor-element-604d80e" data-id="604d80e" data-element_type="column">
			<div class="elementor-widget-wrap elementor-element-populated">
						<div class="elementor-element elementor-element-681b755 elementor-widget elementor-widget-text-editor" data-id="681b755" data-element_type="widget" data-widget_type="text-editor.default">
				<div class="elementor-widget-container">
			<style>/*! elementor - v3.21.0 - 26-05-2024 */
.elementor-widget-text-editor.elementor-drop-cap-view-stacked .elementor-drop-cap{background-color:#69727d;color:#fff}.elementor-widget-text-editor.elementor-drop-cap-view-framed .elementor-drop-cap{color:#69727d;border:3px solid;background-color:transparent}.elementor-widget-text-editor:not(.elementor-drop-cap-view-default) .elementor-drop-cap{margin-top:8px}.elementor-widget-text-editor:not(.elementor-drop-cap-view-default) .elementor-drop-cap-letter{width:1em;height:1em}.elementor-widget-text-editor .elementor-drop-cap{float:left;text-align:center;line-height:1;font-size:50px}.elementor-widget-text-editor .elementor-drop-cap-letter{display:inline-block}</style>				<p style="text-align: justify;">El XXIV Festival Folklórico Universitario Aranduka se desarrolló el viernes 23 de setiembre a partir de las 18:00 h en el Salón Auditorio Luis Berganza de la Dirección General de Extensión Universitaria de la UNA, en el marco de la XX Exposición Tecnológica y Científica, ETYC 2022.</p><p><img fetchpriority="high" decoding="async" class="alignleft wp-image-912" src="http://etyc.pol.una.py/wp-content/uploads/2022/09/f0231040-300x200.jpg" alt="" width="400" height="267" srcset="https://etyc.pol.una.py/wp-content/uploads/2022/09/f0231040-300x200.jpg 300w, https://etyc.pol.una.py/wp-content/uploads/2022/09/f0231040-1024x683.jpg 1024w, https://etyc.pol.una.py/wp-content/uploads/2022/09/f0231040-768x512.jpg 768w, https://etyc.pol.una.py/wp-content/uploads/2022/09/f0231040-1536x1024.jpg 1536w, https://etyc.pol.una.py/wp-content/uploads/2022/09/f0231040-2048x1365.jpg 2048w, https://etyc.pol.una.py/wp-content/uploads/2022/09/f0231040-600x400.jpg 600w" sizes="(max-width: 400px) 100vw, 400px" /> <img decoding="async" class="alignnone wp-image-914" src="http://etyc.pol.una.py/wp-content/uploads/2022/09/DSC_0005-min-300x200.jpg" alt="" width="400" height="267" srcset="https://etyc.pol.una.py/wp-content/uploads/2022/09/DSC_0005-min-300x200.jpg 300w, https://etyc.pol.una.py/wp-content/uploads/2022/09/DSC_0005-min-1024x683.jpg 1024w, https://etyc.pol.una.py/wp-content/uploads/2022/09/DSC_0005-min-768x512.jpg 768w, https://etyc.pol.una.py/wp-content/uploads/2022/09/DSC_0005-min-1536x1024.jpg 1536w, https://etyc.pol.una.py/wp-content/uploads/2022/09/DSC_0005-min-2048x1365.jpg 2048w, https://etyc.pol.una.py/wp-content/uploads/2022/09/DSC_0005-min-600x400.jpg 600w" sizes="(max-width: 400px) 100vw, 400px" /></p><p style="text-align: justify;">Aranduka es un festival clasificatorio para el Festival Anual del Takuare&#8217;ê, y este año los clasificados fueron: Daniel Andrés Velázquez Rojas, Solista de Arpa; Fiorella María Gómez, Guillermo Ruíz Díaz, Mónica Goiriz, Teatro breve; Marcelo Aguayo, Guitarra clásica; Sofía López y Daniela Salinas, cada una como Solista Canto Femenino Mayor; Laura Bogado, Margarita Ramírez y Blas Ramírez, Conjunto Instrumental; Coro Politécnica, Coro; Orlando Chaparro y Alex Cardozo, Dúo de Canto masculino; Orlando Chaparro, Solista de Canto masculino, Facultad de Ciencias Económicas y Ciencias Veterinarias, Conjunto de Voces.</p><p style="text-align: justify;">Los clasificados en danza fueron: Facultad de Odontología, Conjunto de Danzas; Facultad de Ciencias Exactas y Naturales, Facultad de Ciencias Veterinarias y Facultad Politécnica, Grupo de Danza; Florencia Inés Benegas, Solista de Danza; Jessica Alcaraz y Aramí Olmedo, Dúo de Danza y Juan José Núñez Cabrera, Solista de Danza masculino.</p><p><img decoding="async" class="alignleft wp-image-915" src="http://etyc.pol.una.py/wp-content/uploads/2022/09/DSC_0076-min-300x200.jpg" alt="" width="400" height="267" srcset="https://etyc.pol.una.py/wp-content/uploads/2022/09/DSC_0076-min-300x200.jpg 300w, https://etyc.pol.una.py/wp-content/uploads/2022/09/DSC_0076-min-1024x683.jpg 1024w, https://etyc.pol.una.py/wp-content/uploads/2022/09/DSC_0076-min-768x512.jpg 768w, https://etyc.pol.una.py/wp-content/uploads/2022/09/DSC_0076-min-1536x1024.jpg 1536w, https://etyc.pol.una.py/wp-content/uploads/2022/09/DSC_0076-min-2048x1365.jpg 2048w, https://etyc.pol.una.py/wp-content/uploads/2022/09/DSC_0076-min-600x400.jpg 600w" sizes="(max-width: 400px) 100vw, 400px" /><img loading="lazy" decoding="async" class="alignnone wp-image-911" src="http://etyc.pol.una.py/wp-content/uploads/2022/09/f0336640-300x200.jpg" alt="" width="400" height="267" srcset="https://etyc.pol.una.py/wp-content/uploads/2022/09/f0336640-300x200.jpg 300w, https://etyc.pol.una.py/wp-content/uploads/2022/09/f0336640-1024x683.jpg 1024w, https://etyc.pol.una.py/wp-content/uploads/2022/09/f0336640-768x512.jpg 768w, https://etyc.pol.una.py/wp-content/uploads/2022/09/f0336640-1536x1024.jpg 1536w, https://etyc.pol.una.py/wp-content/uploads/2022/09/f0336640-2048x1365.jpg 2048w, https://etyc.pol.una.py/wp-content/uploads/2022/09/f0336640-600x400.jpg 600w" sizes="(max-width: 400px) 100vw, 400px" /></p><p style="text-align: justify;">Durante el festival, los integrantes y exintegrantes del Coro Polifónico y Policamerata y el Elenco de Danzas de la FP-UNA rindieron un homenaje los docentes fundadores: Maestro Manuel Cabral y la Prof. Lic. Betsaida Ávalos, en honor a los logros gracias al invaluable apoyo a la formación integral de estudiantes, graduados y docentes de la FP-UNA y la extensión de la cultura a la sociedad.</p><p>Nota: Ana Valiente Villalba</p><p>Fotografías: Liz Britez y gentileza Luis Reyes de la Facultad de Ciencias Económicas</p><p>Lunes, 26 de setiembre de 2022</p>						</div>
				</div>
					</div>
		</div>
					</div>
		</section>
				</div>

<p>El XXIV Festival Folklórico Universitario Aranduka se desarrolló el viernes 23 de setiembre a partir de las 18:00 h en el Salón Auditorio Luis Berganza de la Dirección General de Extensión Universitaria de la UNA, en el marco de la XX Exposición Tecnológica y Científica, ETYC 2022. Aranduka es un festival clasificatorio para el Festival Anual del Takuare&#8217;ê, y este&#8230;</p>
